ase 11, what is 11380 - -946a?
1a83a
In base 8, what is -121 + 45253145?
45253024
In base 15, what is -31161a + -3?
-31161d
In base 8, what is 5 + 21345105?
21345112
In base 5, what is -1 - 144414200243?
-144414200244
In base 16, what is 119b + c986?
db21
In base 13, what is 17 - 34a2491?
-34a2477
In base 3, what is 1 - -111101110102202000?
111101110102202001
In base 2, what is -1 + 1101111010100000000110?
1101111010100000000101
In base 2, what is -100 - -100101110000110010100000?
100101110000110010011100
In base 7, what is -12255 - 322?
-12610
In base 10, what is -19 + 2507561?
2507542
In base 5, what is 43014324 - -302?
43020131
In base 12, what is -4 + 267851b?
2678517
In base 15, what is -1 + -c0ac19a?
-c0ac19b
In base 11, what is 586 - -100929?
101404
In base 12, what is -17 + -81117b8?
-8111813
In base 3, what is 1 + 1012112211120?
1012112211121
In base 12, what is -6a14 - 345?
-7159
In base 6, what is -24 + 1233502532?
1233502504
In base 3, what is -1122221111102 + 2121?
-1122221101211
In base 7, what is 4 - 30431635?
-30431631
In base 15, what is 5 - -ab3272?
ab3277
In base 2, what is -11000001000111 + 101010010001?
-10010110110110
In base 11, what is 4 - a78578a?
-a785786
In base 10, what is 7 + -90727763?
-90727756
In base 10, what is 5952743 - 3?
5952740
In base 7, what is -6 - -335156020?
335156011
In base 4, what is 321312 + 10100001?
11021313
In base 2, what is -10 - 110010011100001011111?
-110010011100001100001
In base 10, what is -78944 - -36?
-78908
In base 2, what is 10000111110100101100010 - -11100?
10000111110100101111110
In base 12, what is 190 + -381580?
-3813b0
In base 6, what is 2134353 - 253?
2134100
In base 16, what is -19d8763 - 0?
-19d8763
In base 15, what is 14a - -6107e?
611c9
In base 8, what is -77350574 - -2?
-77350572
In base 13, what is -19024b - -7b?
-1901a0
In base 9, what is 2 + 76073478?
76073481
In base 3, what is 121000210 + 2101111?
200102021
In base 13, what is 75bb + -7ca?
6ac1
In base 7, what is 2 - 36006303?
-36006301
In base 2, what is 11100000 + -11010010101110?
-11001111001110
In base 12, what is 9b33 - 14?
9b1b
In base 10, what is -42 + -40468?
-40510
In base 3, what is -21022201001011 - 2?
-21022201001020
In base 6, what is -1235332335 + 1?
-1235332334
In base 10, what is -3172850 + 8?
-3172842
In base 3, what is -1212021211100110 - 0?
-1212021211100110
In base 11, what is 990480 - -11?
990491
In base 14, what is -14 + 48bac2?
48baac
In base 15, what is 4de71 - -dc?
4e05d
In base 11, what is 1082 + -388?
7a5
In base 2, what is 110000110110101001 - 1111100011?
110000100111000110
In base 15, what is -613173 + 0?
-613173
In base 15, what is -c27 - e42?
-1b69
In base 7, what is 161653324 + -5?
161653316
In base 12, what is -30797a + -63?
-307a21
In base 7, what is 10421451 - -52?
10421533
In base 8, what is -5 - 11345616?
-11345623
In base 3, what is -10 - 1002000012222012?
-1002000012222022
In base 10, what is -11 - 7165677?
-7165688
In base 3, what is 220001000110 - -1002?
220001001112
In base 13, what is -4 - -17158b1?
17158aa
In base 7, what is -3 - -244553512?
244553506
In base 13, what is 4c71c4 - -9?
4c7200
In base 12, what is -4 + -318081?
-318085
In base 11, what is -2a31671 - -1?
-2a31670
In base 11, what is -792a + 1343?
-6597
In base 5, what is 31101 + -2031313?
-2000212
In base 10, what is 708 - -338?
1046
In base 9, what is 246 + -4748042?
-4747685
In base 15, what is 14db6e0 - 1c?
14db6c3
In base 10, what is -4130559 + 3?
-4130556
In base 12, what is -314b4ab - 16?
-314b505
In base 3, what is -10020200112 + -102002210?
-10122210022
In base 3, what is -1112110221202 - -122210?
-1112110021222
In base 9, what is 10665531 + 10?
10665541
In base 9, what is 41520 - -16?
41536
In base 3, what is 100121222110010 - 2?
100121222110001
In base 9, what is 20 + 2316741?
2316761
In base 5, what is 311003321323 - -1?
311003321324
In base 8, what is -164 + -614476?
-614662
In base 6, what is -52353502 - -1505?
-52351553
In base 4, what is 101021311 + 10200310?
111222221
In base 3, what is 2 - 111210011102100?
-111210011102021
In base 8, what is -214 - -143565?
143351
In base 11, what is -5 - 33031574?
-33031579
In base 11, what is -3a7408a6 - 2?
-3a7408a8
In base 15, what is -4e4 + a8b50?
a865b
In base 16, what is 2 + 4360a14?
4360a16
In base 15, what is 0 + 3894119?
3894119
In base 13, what is -7364168 - 12?
-736417a
In base 4, what is -300311313102 - 1110?
-300311320212
In base 4, what is 12010322 - -231120?
12302102
In base 6, what is 22034203 + -2450?
22031313
In base 8, what is -1200074512 - 0?
-1200074512
In base 6, what is -4 - 2330411120?
-2330411124
In base 12, what is 85 + 4a501?
4a586
In base 12, what is -1520aa2 + 0?
-1520aa2
In base 6, what is 121552 - -31044?
153040
In base 16, what is 41da5 - -f?
41db4
In base 5, what is -1134001 + 411?
-1133040
In base 5, what is -322004442412 - 0?
-322004442412
In base 6, what is 22550 - -3245040?
3312030
In base 6, what is -11 - -10504452212?
10504452201
In base 16, what is -2d1f + -1d9?
-2ef8
In base 14, what is -ab77b0 - -3?
-ab77ab
In base 3, what is -1202002211 + -2221020?
-1212001001
In base 5, what is 1 - 232442122?
-232442121
In base 16, what is 7da6f - 264?
7d80b
In base 3, what is -220012210022010 - -212?
-220012210021021
In base 10, what is -598 - -5352?
4754
In base 5, what is -1342 + -14311030?
-14312422
In base 16, what is 25406 + 7b?
25481
In base 12, what is 117 - 29a94?
-29979
In base 4, what is 2 + -1023310130223?
-1023310130221
In base 3, what is -212210121202 + 1122?
-212210120010
In base 4, what is 1 - -231220132330?
231220132331
In base 8, what is -35 + -41401454?
-41401511
In base 14, what is 11b - 194dd6?
-194cb9
In base 8, what is -20725 + -2071?
-23016
In base 12, what is -202 + 30244?
30042
In base 11, what is -11 - 3656953?
-3656964
In base 2, what is -101101 + 1100110111000110110?
1100110111000001001
In base 7, what is 1253 - -3043554?
3045140
In base 16, what is -50ec - 36a1?
-878d
In base 16, what is -70 + -116db?
-1174b
In base 9, what is 403632 + 158?
403801
In base 3, what is -101 - -2112201201101?
2112201201000
In base 6, what is 53 - 2255025?
-2254532
In base 5, what is 101 + -1013321011?
-1013320410
In base 2, what is -100100111011 - -1011011101101101?
1010111000110010
In base 4, what is -132230331023 + 3?
-132230331020
In base 13, what is 4c30 - -1111?
6041
In base 9, what is -8517 + 747?
-7660
In base 16, what is 1974172c - 4?
19741728
In base 13, what is 4 - 1297587?
-1297583
In base 5, what is -13 - -211004403?
211004340
In base 14, what is -3a - c95c4d?
-c95c89
In base 10, what is -1843765 + -2?
-1843767
In base 4, what is 102231 - -3303002?
10011233
In base 6, what is 1 - 2045103103?
-2045103102
In base 16, what is -931fc4 - 2b?
-931fef
In base 4, what is 1223 + 1001221?
1003110
In base 11, what is -222a38 + 520?
-222518
In base 4, what is -3131031202222 + -11?
-3131031202233
In base 11, what is 3 - 1542073a6?
-1542073a3
In base 3, what is -2 - 202210221020110?
-202210221020112
In base 13, what is -44a788a + 3?
-44a7887
In base 10, what is -2 + -1648406?
-1648408
In base 5, what is -14 - 4213400124?
-4213400143
In base 11, what is -40 + -65943?
-65983
In base 8, what is -1164345 + -124?
-1164471
In base 10, what is -10497 - 1087?
-11584
In base 5, what is 11340 + -332012?
-320122
In base 11, what is -4 + -1921760?
-1921764
In base 12, what is -b + -1166b83a?
-1166b849
In base 2, what is -100 - -10110000111101111101100110?
10110000111101111101100010
In base 5, what is 443320234 - 1?
443320233
In base 6, what is 21334 - 422?
20512
In base 15, what is -ac - 61886?
-61943
In base 12, what is 4a4296b + 2?
4a42971
In base 7, what is 0 + 13123555?
13123555
In base 4, what is -12 - 12130310031211?
-12130310031223
In base 9, what is 61334122 + -1?
61334121
In base 12, what is -18 - 9b1249?
-9b1265
In base 9, what is 78 - 12087161?
-12087072
In base 6, what is -2 - -224411032?
224411030
In base 14, what is 57347 + 19?
57362
In base 5, what is 3122431 + -102210?
3020221
In base 10, what is -105 - 22669?
-22774
In base 9, what is -3623418 - 6?
-3623425
In base 3, what is -112012020110112 - 12?
-112012020110201
In base 15, what is -132bc5 + -23?
-132be8
In base 14, what is 3 + -a41489?
-a41486
In base 15, what is -